.
-8
What is (-1 - 0) + (-21 - (-36 - -21))?
-7
What is the value of 11 + -4 + (-4 - -18) + -6 + -4?
11
-58 - -24 - -29 - (1 + -8)
2
Calculate 7 - 9 - (10 + (-5 - (-1 + -3))).
-11
Calculate 4 + -11 + 0 - ((0 - 6) + 1).
-2
Evaluate 11 + (-7 + -21 - -13).
-4
Evaluate -4 - (-20 - -31) - -17.
2
Evaluate -16 + (-1 - 5) + 6 + 9.
-7
Calculate -26 + 112 + -30 + -25.
31
What is (-21 - -1) + (-18 - (13 - 36))?
-15
What is 8 + -11 + -2 + 14 + 1?
10
Evaluate 5 - (-6 + (-15 - -24)).
2
-8 - (31 + (-22 - -8))
-25
What is (-19 - -22) + -6 + -2?
-5
Evaluate (9 - -3) + 6 + -12 + (0 - -4).
10
Calculate 14 - (-23 + 24 + 3 + -1 - 8).
19
Calculate 20 + (-16 - (13 + 5)).
-14
Evaluate -6 + -1 - (-21 - -17).
-3
7 + 3 + (-87 - -82)
5
-4 + (-11 - 2) + 8 + -4
-13
What is the value of (-3 + 5 - 0) + -89 + 78?
-9
-22 - (-3 - (12 - ((11 - 6) + 0)))
-12
Evaluate (-18 - (-30 + -1)) + -25.
-12
What is -10 + (2 - -1) + 10?
3
Evaluate -2 + 15 + 0 + -17.
-4
-1567 - -1566 - (-7 + -2 + 2)
6
Evaluate -12 + (12 - 7) + (4 + -4 - -1).
-6
Evaluate 6 - (20 + -23 - (2 - 1)) - -13.
23
Calculate (25 - (0 - (-18 - -14))) + 7.
28
What is 8 - 0 - (4 - 1) - (5 + -1)?
1
What is the value of (0 - -14 - 17) + 42 - 12?
27
What is (0 - -4) + -5 + -14 + 9?
-6
What is the value of -16 + (2 - -11) - 18?
-21
Calculate -5 + -13 + 17 + (8 - 3).
4
What is -34 + (2 - -2) + (-26 - (-2 + -15))?
-39
(-6 - (3 - 1)) + 10
2
What is -7 + (-11 + (10 - 9) - -10)?
-7
Calculate 10 + -12 - (27 - (15 + -5)).
-19
Evaluate (0 - 1) + (4 - 11) - (111 + -108).
-11
What is the value of 1 - 1 - (-79 - (-37 + -51))?
-9
Calculate 23 + 0 - (1298 + -1280).
5
Calculate 8 - (29 + -24 + -14 + 2 + 7).
8
84 + -121 - (-80 + 11)
32
-12 + (7 - -15) - -1
11
What is the value of 7 - ((7 - (1 - -3)) + 10)?
-6
What is the value of 28 - ((13 - 12) + 26)?
1
Calculate -1 - -5 - (13 - (11 - 3 - 14)).
-15
19 + (-2 - -2 - 11)
8
What is the value of -7 + (8 - -8) + -27?
-18
Calculate 4 - ((-2 - -2) + 2 + (-11 - -4)).
9
(15 - (-8 + 4)) + 98 + -105
12
What is the value of (-3 - 14) + -22 + (25 - 10)?
-24
Evaluate 9 + -3 + -7 + -10 - -44.
33
Calculate (-33 - -38) + (5 - ((-4 - -2) + -25)).
37
What is the value of -24 - (-19 + 2 + (10 - 9) + 6)?
-14
Calculate 11 + (6 - (9 + -13 + -1)).
22
What is the value of 35 + -64 + -2 + 29?
-2
What is the value of -8 + -2 + (15 + -12 + 7 - 13)?
-13
-17 + 8 - ((7 - 4) + -4 - -4)
-12
What is 14 - (-26 - (7 - 63))?
-16
What is the value of 1 + 0 - (11 + -14 + -4 + -2)?
10
Calculate -2 - -4 - (12 - 10 - (-13 - -3)).
-10
Evaluate -13 + (14 + -8 - (-16 + 28)).
-19
0 - -17 - (-102 - -112)
7
Evaluate 6 - 7 - ((-3 - -16) + -9).
-5
Calculate 7 + 1 - (4 + -1 - (17 - 13)).
9
What is the value of (12 + -1 - 1) + (21 - (-26 - -47))?
10
Evaluate -44 - (-9 + -3) - -50.
18
-1 + -6 - (8 - (-6 - -13))
-8
Calculate -2 - -6 - -1 - (-1 - -1) - -7.
12
Calculate (-1 - -3) + (-5 - (-13 - -9 - -5)).
-4
3 + (1 - (4 - (-2 - 8)))
-10
What is the value of (2 - -16) + (-21 - 28 - -49)?
18
-4 - (6 - (1 - 0)) - (-22 + -1)
14
Evaluate (5 - (-2 + 8 + -4)) + -8 + 13.
8
Evaluate (-1 - (-33 - -2)) + 0 + -5 - 6.
19
What is -3 - (13 - 4 - 1 - 1)?
-10
What is the value of 2 + (-4 - -3) + 78 + -71?
8
Calculate (-8 - -22 - 3 - 13) + 23.
21
What is the value of 3 + -2 + -4 + 4 + 7 + 2?
10
39 + 43 + -86 + (16 - 3) + 2
11
Calculate -25 + (4 - -4 - 13 - -7).
-23
-11 + 2 + 20 + (7 - -3)
21
Evaluate -18 + (-10 - (4 - 19)).
-13
8 + (6 - 1) + 17 + -8 + -20
2
What is the value of (5 - -11 - 10) + 2 + -3 + 2?
7
Calculate -11 - -8 - (11 - 3).
-11
What is the value of 15 - (11 + -10 + (-2 - 3) - 0)?
19
Calculate -9 - (43 + -48 - (2 - 20)).
-22
What is the value of 1 - 5 - -3 - 4 - (-27 - -29)?
-7
What is -36 + 31 + -48 + 56?
3
What is the value of -7 + (9 + (-3 - -10) - -4)?
13
What is 10 - ((-88 - -93) + -10 + 0)?
15
What is 3 + (-4 + 2 - -4) - 12?
-7
-4 - (21 - (6 + 10))
-9
Calculate -11 + -1 - (5 + 18 + -58).
23
1 - -1 - (-238 + 253)
-13
What is the value of 11 + 16 + -11 + -52 + 11?
-25
(2 + 3 - 3) + 1 + (-13 - -10)
0
Calculate -2 + 0 + -3 + 5 + 39 + -30.
9
Calculate 0 + -2 - (1 + 19 + -9).
-13
Evaluate 7 + -13 + (11 - (1 + -4)).
8
Calculate 3 + 4 - (19 - -14 - 24).
-2
-7 + (-4 + -2 - -6) - -1 - -6
0
Calculate (0 + 1 - (-19 + 19)) + (7 - 9).
-1
-1 + -27 + (14 - -2)
-12
50 + -75 + (-11 - -12)
-24
What is -56 - -24 - -20 - -29?
17
Calculate 0 - -3 - (-82 + 37 + 49).
-1
Calculate -7 - (-1 + (-4 - -10)).
-12
What is 1 + (1 - -12) + -758 + 755?
11
What is the value of 20 + (-52 - -15) + 8 + -2 + 0?
-11
-47 - -1 - (-178 + 154)
-22
(3 - ((-7 - -1) + (96 - 92))) + -4
1
What is the value of -12 + 29 + -15 + 2?
4
What is 8 + 0 - -5 - 11 - (-21 - -2)?
21
Evaluate 46 + -32 + -26 + (0 - -10).
-2
Evaluate (-14 - (9 - 30)) + -1 + 3.
9
What is (-108 - -91 - -54) + -1 + -1?
35
-5 - (9 + (-7 - 15) + -3)
11
What is (-17 - -19) + 5 + 0?
7
What is the value of (-127 - -137) + (-27 - (-1 - -3))?
-19
What is 7 - (-14 - (1 - -9 - 21))?
10
Calculate -1375 - -1353 - (-1 - 15).
-6
What is the value of (-2 + 2 + -1 + 4 - 5) + 4?
2
Evaluate (-5 + 1 - (7 - 0)) + 3.
-8
Calculate (1 - -3) + 12 + -31 + 23 + -16.
-8
Calculate 4 - 19 - -4 - (-2 - 0 - 3).
-6
What is the value of 1 + -1 + -3 + 7 + -11 + 12?
5
9 - -2 - (9 + 5 - 7 - -17)
-13
What is -51 + 44 + (1 - -4) - 5?
-7
Evaluate 17 - (23 + -52 - -45).
1
What is the value of (37 - 31) + -20 + 2 - -1?
-11
What is -78 - -111 - (5 + 45)?
-17
Evaluate -11 + -7 + 0 + 6.
-12
Evaluate 11 - (9 + (-28 - -3)).
27
25 + (-32 - -19) + 7
19
-1 - ((-1 - -2) + -9 + (137 - 148))
18
Evaluate -3 + 1 + (-15 - -9 - (-9 + 4)).
-3
Evaluate 1 + 21 + -26 + 2 + (-1 - 0).
-3
What is the value of 20 - (27 - (14 + -24))?
-17
What is the value of (-58 - -29) + 12 + 3?
-14
What is (5 - (8 - -6)) + (-8 - 9)?
-26
Evaluate (30 - (0 - 3)) + (-30 - (-13 + -7)).
23
12 + 8 + -15 + -1 - -2
6
What is (-15 - (6 + -81) - 18) + -8?
34
5 + (0 - -19) + -32
-8
What is 3 - (-5 + (-5 - -17) + -6)?
2
What is the value of 0 - (13 + 11 + -21)?
-3
What is the value of (-5 - (5 + (-1 - (1 + 5)))) + 2?
-1
What is 27 + -13 + -17 - -2?
-1
(16 - (4 - 7)) + (161 - 217)
-37
What is 17 + (33 - (18 - -43))?
-11
What is -30 - -9 - (-44 + 22)?
1
What is 3 + (4 - (8 - -3)) + 2 + 10?
8
(3 - 0 - 5) + -2 + 4 + -12
-12
Calculate 29 + (12 - 29) - 11.
1
(-1 - 1) + -1 - (-656 - -645)
8
Calculate 8 - (-5 - (-5 - 8) - 7).
7
Evaluate (-10 - -1) + 29 + -8 - 6.
6
-20 + (5 - -1) + -4 + -1 + 4
-15
What is 12 - 0 - (4 + -10) - 0?
18
What is the value of -86 - -68 - (0 - 14) - (0 - 6)?
2
9 - (1 - ((5 - 3 - 10) + 5))
5
Evaluate 0 + -20 + 85 + -64.
1
What is -63 + 24 + 18 - -50?
29
What is the value of -7 + (0 - -3 - 6) - -3?
-7
Evaluate 7 - (3 - 0) - (-3 - -5) - 19.
-17
What is the value of -16 - (-7 + 30) - -8?
-31
-4 + (2 - -1) - (53 - 50)
-4
Evaluate -4 - (10 + 5 + 6 + -8).
-17
Evaluate (104 - (-79 + 175)) + (0 - (-4 - 0)).
12
Evaluate (-312 - -314) + 0 + 2 + 2.
6
Evaluate 33 + -1 + (246 - 263).
15
Evaluate 1 + 0 - (-42 - -31).
12
Evaluate (-27 - (-11 + -16) - (1 + 6)) + 16.
9
What is (-88 - -75) + (10 - -33)?
30
(-6 - 2) + (15 + -34 - -15) + 21
9
Calculate (-12 - (1 + -3)) + -2 + 9 - 1.
-4
Evaluate 4 + 5 + -5 + (-4 - -6) + -3.
3
What is the value of -191 + 190 + (6 - -1 - 1)?
5
What is the value of 48 + -32 - (-24 - -31)?
9
What is -12 - (4 + 1 - (3 + -6))?
-20
170 + -197 + 14 + 5
-8
What is -9 + -12 + 26 - -7?
12
Calculate 39 + -48 + 5 + 0 + -4 + -2.
-10
Calculate -4 + (-14 + 3 + -1 - 6).
-22
What is the value of (-29 - -18) + 17 + 4?
10
Calculate (-5 - -16) + -10 - 8.
-7
What is (-4 + 9 - (-6 + 6)) + -4?
1
Calculate -2 + -7 + -2 - (172 - 201).
18
1 + 1 - (13 + 2 + -5 + 0)
-8
Calculate -4 - -9 - ((-2 - 7) + 29) - -3.
-12
What is (11 - 16) + (-6 - 2 - -4) + -19?
-28
Calculate 4 + (-4 - (-8 + 3)).
5
What is the value of -9 + 5 - (22 - 28 - (-5 + -11))?
-14
Calculate 11 + -1 - (-11 + 16 + 4).
1
Calculate 1 + 0 + 377 + -397.
-19
What is the value of -1 + -8 - (-13 + 2) - -4?
6
-13 + 19 - (0 + -4 + -3)
13
7 - ((4 - -1) + -18 + 14 - 7)
13
Evaluate 9 - (7 + -23 + 8).
17
Evaluate 7 - 5 - (-223 - -194).
31
What is -112 + 94 + (1 - -1)?
-16
Calculate -10 - ((0 - (5 + 5 + -2)) + 2).
-4
3 + -1 - (2 + -5)
5
Calculate 122 - 125 - (1 + (3 + -1 - -2)).
-8
What is (264 - 251) + -13 + 0?
0
Calculate 2 - (6 - (4 + -10 - -4 - 27)).
-33
